
Let m(r) = r**2 + 2*r - 2. Determine m(-4).
6
Let j(k) = 7*k - 91. Calculate j(14).
7
Let t(g) = g + 37. Determine t(-36).
1
Let o(j) = -j + 26. What is o(11)?
15
Let d(m) = m**3 + m**2 - 3*m - 5. What is d(-2)?
-3
Let u(y) = 3*y - 56. Calculate u(20).
4
Let h(l) = -2*l**3 + 21*l**2 - 11*l + 5. What is h(10)?
-5
Let z(y) = -15*y**2 + 2*y. Determine z(1).
-13
Let n(k) = 3*k**3 + 2*k**2 + 5*k + 2. Determine n(-1).
-4
Let v(k) = -4*k**2 + 2*k + 3. Determine v(2).
-9
Let b(q) = q**2 + 10*q + 9. Give b(-6).
-15
Let u(c) = -5*c**2 + c - 9. Give u(-3).
-57
Let m(o) = -o**2 - 22*o + 41. Determine m(-24).
-7
Let y(b) = -15*b - 1. Calculate y(2).
-31
Let a(o) = -19*o - 36. Give a(-5).
59
Let s(c) = c**2 + 11*c - 8. What is s(-12)?
4
Let t(b) = 6*b**2 + 3*b. Determine t(1).
9
Let a(r) = r**2 + 3*r + 13. Give a(-3).
13
Let s(y) = 3*y**2 - 3*y + 1. Give s(-2).
19
Let j(w) = -15*w + 57. What is j(6)?
-33
Let h(a) = 22*a. Give h(-1).
-22
Let o(t) = 3*t + 25. Determine o(-5).
10
Let p(o) = 2*o**3 - 5*o**2 + 3*o + 5. What is p(4)?
65
Let p(n) = -24*n**2 - n + 1. Calculate p(-1).
-22
Let r(w) = -w**2 - 12*w + 18. Calculate r(-13).
5
Let s(v) = v**2 + v + 2. Calculate s(6).
44
Let l(p) = 18*p - 187. Determine l(10).
-7
Let z(u) = 5*u - 13. What is z(5)?
12
Let x(n) = -2*n**2 - 4*n + 1. Give x(-4).
-15
Let w(b) = -3*b - 2. Give w(20).
-62
Let c(w) = 10*w**2 - 8*w + 2. What is c(3)?
68
Let x(s) = 6*s - 13. What is x(3)?
5
Let p(h) = -h**2 - 10*h - 11. Determine p(-10).
-11
Let a(c) = -c**2 - 3*c + 8. Calculate a(-5).
-2
Let l(y) = -y**3 - 16*y**2 + 34*y - 39. Give l(-18).
-3
Let l(z) = -z**3 - 10*z**2 + 8*z + 5. Determine l(-11).
38
Let k(o) = o**2 + 14*o + 63. What is k(-8)?
15
Let t(y) = 2*y**2 + 4*y + 3. Determine t(-3).
9
Let s(l) = 2*l + 36. Give s(-11).
14
Let f(b) = 3*b + 17. Give f(11).
50
Let m(n) = 3*n + 4. Determine m(6).
22
Let h(f) = -15*f**3 + 2*f - 1. What is h(1)?
-14
Let d(i) = -i**2 + 18*i - 14. Determine d(18).
-14
Let o(u) = u - 28. Calculate o(-13).
-41
Let s(y) = -y**3 - 7*y**2 + 8*y + 18. What is s(-8)?
18
Let u(l) = -2*l**3 - 4*l**2 - 4*l - 4. Give u(-3).
26
Let t(r) = r**3 - 5*r**2 + 5*r + 4. Determine t(4).
8
Let s(m) = -m**2 - 15*m + 15. Give s(-16).
-1
Let x(g) = -24*g - 7. Determine x(4).
-103
Let b(g) = -45*g - 326. Give b(-7).
-11
Let t(m) = -2*m**2 - 44*m - 213. What is t(-15)?
-3
Let f(s) = -26*s - 87. Determine f(-5).
43
Let b(q) = 13*q**2 + 18*q - 17. Give b(1).
14
Let i(g) = -g**3 - 16*g**2 - 15*g - 4. Give i(-15).
-4
Let p(d) = -2*d**2 - d - 9. Determine p(-5).
-54
Let o(i) = -i**2 + 8. What is o(-6)?
-28
Let r(q) = -q**3 + 7*q**2 + 9*q - 8. Calculate r(6).
82
Let b(s) = 4*s**3 - s**2 + 2*s - 1. Determine b(-2).
-41
Let s(k) = 32*k**2 + k. Determine s(-1).
31
Let y(n) = 5*n + 1. Give y(7).
36
Let t(w) = -5*w**2 - 2*w + 1. What is t(1)?
-6
Let w(k) = 5*k - 5. Give w(5).
20
Let g(b) = 13*b**2 - 66*b + 6. What is g(5)?
1
Let t(s) = -s**3 - 10*s**2 - 30*s - 26. Calculate t(-3).
1
Let p(a) = -3*a**2 - 2*a + 1. Calculate p(2).
-15
Let s(p) = 2*p**2 + 7*p - 6. Determine s(4).
54
Let b(j) = -j**2 + 6*j - 3. What is b(5)?
2
Let z(g) = 7*g + 108. What is z(-17)?
-11
Let f(c) = -2*c**3 - 20*c**2 - 28*c + 31. What is f(-8)?
-1
Let f(a) = -81*a**3 - 2*a**2 - 3*a - 1. Determine f(-1).
81
Let b(f) = -4*f. What is b(-2)?
8
Let y(n) = 2*n**2 + 6*n - 31. Calculate y(3).
5
Let r(w) = 6*w**3. Calculate r(-1).
-6
Let g(a) = 3*a - 10. Give g(6).
8
Let t(b) = b**3 - 7*b**2 - 6*b + 52. Determine t(6).
-20
Let l(t) = -t + 22. Give l(1).
21
Let t(h) = 15*h**2 - 3*h - 6. What is t(3)?
120
Let c(l) = -l**3 - 22*l**2 + 8*l - 353. What is c(-23)?
-8
Let y(j) = j**2 - 23*j + 6. Calculate y(21).
-36
Let k(n) = -9*n**2 - 2*n - 1. Determine k(-1).
-8
Let s(h) = 4*h**2 - 2*h + 12. Calculate s(4).
68
Let g(r) = r**2 - 17*r - 113. Determine g(22).
-3
Let w(b) = -b**3 - 3*b**2 + 6. Calculate w(-3).
6
Let r(a) = a**3 - 11*a**2 - 12*a. Give r(12).
0
Let j(d) = 102*d - 407. What is j(4)?
1
Let s(v) = 7*v + 22. Calculate s(-4).
-6
Let s(l) = l**2 - 10*l + 4. Calculate s(10).
4
Let f(y) = y**3 - 9*y**2 - 3*y + 8. Determine f(10).
78
Let x(l) = 3*l + 25. Determine x(-21).
-38
Let u(t) = -t**3 + 8*t**2 + 3*t - 3. Determine u(8).
21
Let y(n) = 2*n**2 + 2*n - 2. Determine y(-3).
10
Let g(m) = 27*m + 549. Calculate g(-20).
9
Let h(s) = -s**3 + 26*s**2 - 2*s + 53. Determine h(26).
1
Let z(x) = -2*x**2 + x + 7. Calculate z(-3).
-14
Let w(h) = -h**2 + 6*h + 2. Calculate w(5).
7
Let k(b) = -3*b**3 + 3*b**2 + 4*b - 6. What is k(1)?
-2
Let r(g) = -g**2 - 8*g + 9. Give r(-8).
9
Let v(l) = -l**3 + 5*l**2 + 3*l + 1. Calculate v(6).
-17
Let f(w) = w**2 + 20*w - 29. What is f(-21)?
-8
Let f(i) = i**3 + 19*i**2 - 20*i - 22. Give f(-20).
-22
Let i(k) = k**3 + 8*k**2 + 10*k - 6. Give i(-2).
-2
Let m(g) = -3*g**2 - 5*g - 1. What is m(-4)?
-29
Let g(r) = -3*r - 9. Determine g(-7).
12
Let r(h) = 3*h**2 + 17*h - 10. Give r(-6).
-4
Let q(f) = -9*f**2 + 57*f - 9. Calculate q(6).
9
Let b(v) = v**3 - 4*v**2 - 13*v + 12. Determine b(6).
6
Let l(k) = k**2 - 4*k + 4. Determine l(4).
4
Let c(u) = -4*u**2 - 4*u + 1. Calculate c(-4).
-47
Let b(d) = -9*d - 7. Calculate b(-3).
20
Let y(j) = j**2 + 6*j - 23. Determine y(-9).
4
Let u(r) = 50*r - 143. Calculate u(3).
7
Let n(l) = 10*l + 36. What is n(-7)?
-34
Let t(s) = -29*s - 635. Determine t(-22).
3
Let u(g) = g**3 + 16*g**2 + 11*g - 39. Give u(-15).
21
Let b(t) = -9*t**3 - 2*t**2 - t. Determine b(-1).
8
Let z(y) = -2*y**3 - 14*y**2 - y - 2. Give z(-7).
5
Let u(o) = 2*o**2 - 8*o - 3. Give u(4).
-3
Let l(n) = 2*n**2 - 2*n - 3. Calculate l(-2).
9
Let c(t) = -t + 5. What is c(-7)?
12
Let k(h) = h**3 + h**2 - h - 1. Give k(2).
9
Let l(f) = -7*f**2 + f - 1. What is l(-3)?
-67
Let t(d) = d**2 - 4*d - 69. What is t(11)?
8
Let k(c) = 21*c + 10. Give k(-4).
-74
Let d(i) = 4*i + 41. Determine d(-6).
17
Let x(g) = -g**3 + 17*g**2 - 6*g - 24. What is x(17)?
-126
Let h(v) = v**2 + 10*v + 3. Give h(-8).
-13
Let j(n) = 3*n - 10. Give j(5).
5
Let s(u) = 6*u - 34. Determine s(7).
8
Let d(s) = s**3 - s**2 - s - 10. Determine d(0).
-10
Let s(u) = 4*u**2 - 6. Determine s(3).
30
Let a(v) = 16*v - 94. What is a(6)?
2
Let n(a) = a**3 - 5*a**2 + 9*a - 14. Determine n(3).
-5
Let v(y) = -3*y - 22. What is v(-12)?
14
Let y(w) = -w**3 - 24*w**2 - 95*w + 17. Give y(-19).
17
Let x(k) = 2*k - 16. Calculate x(11).
6
Let f(o) = -2*o - 40. Give f(-19).
-2
Let o(h) = -2*h + 72. What is o(28)?
16
Let q(f) = 27*f + 21. Determine q(-2).
-33
Let i(o) = o**3 - 2*o**2 - 2*o - 4. Determine i(2).
-8
Let z(m) = 7*m + 1. Determine z(2).
15
Let l(w) = -22*w + 49. Give l(4).
-39
Let g(m) = m**3 - 6*m**2 - 7*m + 9. Determine g(7).
9
Let c(q) = 34*q + 819. Determine c(-24).
3
Let h(b) = b**3 + 5*b**2 - b - 6. What is h(-5)?
-1
Let z(a) = -a**2 + 24*a - 88. Calculate z(20).
-8
Let z(l) = 2*l**3 + 13*l**2 + 8*l + 15. What is z(-6)?
3
Let i(b) = 5*b**2 + 2*b + 1. Determine i(-4).
73
Let a(b) = b**3 - 36*b**2 + 99*b + 23. Calculate a(33).
23
Let q(s) = -s**3 - 2*s - 1. Give q(2).
-13
Let k(d) = 2*d**2 - d + 2. Calculate k(3).
17
Let t(r) = -r**3 + 4*r**2 + 19*r - 44. Determine t(6).
-2
Let k(x) = -3*x**3 - 80*x**2 + 25*x - 20. What is k(-27)?
34
Let x(o) = o**2 - 15*o + 13. Give x(14).
-1
Let c(m) = m**2 - 98*m + 1916. What is c(27)?
-1
Let f(n) = n**2 - 5*n + 7. Determine f(8).
31
Let g(l) = 33*l - 39. What is g(1)?
-6
Let r(b) = b**3 + 6. Give r(0).
6
Let g(t) = -t**3 - 11*t**2 + 13*t + 6. What is g(-12)?
-6
Let b(m) = 2*m + 22. Give b(-18).
-14
Let h(w) = -w**3 + 9*w**2 - 9*w - 2. Calculate h(8).
-10
Let i(p) = 68*p - 264. What is i(4)?
8
Let b(o) = -4*o - 1. Give b(3).
-13
Let c(y) = -y**3 - 2*y**2 - 6*y + 10. Determine c(1).
1
Let z(j) = -j**2 + 17*j + 79. Determine z(20).
19
Let h(c) = 2*c**2 - 3*c + 3. What is h(2)?
5
Let d(f) = 3*f**2 - 60*f. Calculate d(20).
0
Let w(f) = -2*f**3 + 5*f**2 + 11*f - 1. Give w(4).
-5
Let o(i) = i**3 - 9*i**2 + 21*i + 6. Determine o(5).
11
Let s(z) = -18*z**3 + 4*z**2 - 2*z - 4. Calculate s(2).
-136
Let k(r) = r**2 + 23*r - 137. Determine k(-27).
-29
Let a(q) = q**2 - 11*q - 13. Calculate a(9).
-31
Let f(n) = -29*n - 25. Calculate f(-2).
33
Let l(c) = c**3 - 5*c**2 - 4*c - 11. Determine l(5).
-31
Let s(o) = o**3 - 8*o**2 - o - 4. Give s(8).
-12
Let p(v) = 13*v**3